{"id":190,"date":"2023-08-04T15:58:23","date_gmt":"2023-08-04T13:58:23","guid":{"rendered":"http:\/\/ensembleinstrumentalpv.com\/?page_id=190"},"modified":"2025-02-23T10:04:00","modified_gmt":"2025-02-23T09:04:00","slug":"musique-de-chambre","status":"publish","type":"page","link":"https:\/\/ensembleinstrumentalpv.com\/index.php\/musique-de-chambre\/","title":{"rendered":"Musique de Chambre"},"content":{"rendered":"<div data-colibri-id=\"190-c1\" class=\"style-270 style-local-190-c1 position-relative\">\n  <!---->\n  <div data-colibri-component=\"section\" data-colibri-id=\"190-c2\" id=\"initial-content\" class=\"h-section h-section-global-spacing d-flex align-items-lg-center align-items-md-center align-items-center style-271 style-local-190-c2 position-relative\">\n    <!---->\n    <!---->\n    <div class=\"h-section-grid-container h-section-boxed-container\">\n      <!---->\n      <div data-colibri-id=\"190-c3\" class=\"h-row-container gutters-row-lg-2 gutters-row-md-2 gutters-row-0 gutters-row-v-lg-2 gutters-row-v-md-2 gutters-row-v-2 style-272 style-local-190-c3 position-relative\">\n        <!---->\n        <div class=\"h-row justify-content-lg-center justify-content-md-center justify-content-center align-items-lg-stretch align-items-md-stretch align-items-stretch gutters-col-lg-2 gutters-col-md-2 gutters-col-0 gutters-col-v-lg-2 gutters-col-v-md-2 gutters-col-v-2\">\n          <!---->\n          <div class=\"h-column h-column-container d-flex h-col-lg-auto h-col-md-auto h-col-auto style-273-outer style-local-190-c4-outer\">\n            <div data-colibri-id=\"190-c4\" class=\"d-flex h-flex-basis h-column__inner h-px-lg-2 h-px-md-2 h-px-2 v-inner-lg-2 v-inner-md-2 v-inner-2 style-273 style-local-190-c4 position-relative\">\n              <!---->\n              <!---->\n              <div class=\"w-100 h-y-container h-column__content h-column__v-align flex-basis-100 align-self-lg-start align-self-md-start align-self-start\">\n                <!---->\n                <div data-colibri-id=\"190-c5\" class=\"style-274 style-local-190-c5 position-relative h-element\">\n                  <!---->\n                  <div>\n                    \n                    <div class=\"wp-block-group has-vivid-cyan-blue-color has-text-color\"><div class=\"wp-block-group__inner-container is-layout-constrained wp-block-group-is-layout-constrained\">\n                      \n                      <p class=\"has-text-color\" style=\"color:#368867\"><strong>L\u2019ensemble instrumental Provence Verdon compos\u00e9 de solistes de la r\u00e9gion Sud, axe sa programmation de la sonate, trio, quatuor, quintette aux formes instrumentales plus \u00e9labor\u00e9es.<\/strong><\/p>\n                      \n\n                      \n                      <p class=\"has-text-color\" style=\"color:#368867\"><strong>La Musique de Chambre ; l\u2019Art de la conversation musicale<\/strong><\/p>\n                      \n\n                      \n                      <p class=\"has-text-color\" style=\"color:#368867\"><strong>Les origines de la musique de chambre remontent \u00e0 la fin du XVII si\u00e8cle.<\/strong><\/p>\n                      \n\n                      \n                      <p class=\"has-text-color\" style=\"color:#368867\"><strong>A cette p\u00e9riode, cette forme musicale instrumentale, dite \u00ab&nbsp;musique d\u2019int\u00e9rieur&nbsp;\u00bb se diff\u00e9rencie de la musique d\u2019\u00e9glise est se diffuse dans les cours royales d\u2019Europe Centrale.<\/strong><\/p>\n                      \n\n                      \n                      <p class=\"has-text-color\" style=\"color:#368867\"><strong>Elle provient de l\u2019\u00e9mancipation du monde instrumental par rapport au monde vocal, donnant ainsi naissance aux formes classiques.<\/strong><\/p>\n                      \n\n                      \n                      <p class=\"has-text-color\" style=\"color:#368867\"><strong>L\u2019\u00e9volution de la musique de chambre au sens moderne du terme est directement li\u00e9e \u00e0 l\u2019essor du quatuor \u00e0 cordes issu de l\u2019esprit r\u00e9volutionnaire et progressiste de la p\u00e9riode \u00ab&nbsp;des lumi\u00e8res&nbsp;\u00bb dont notre XXI si\u00e8cle reste l\u2019h\u00e9ritier.<\/strong><\/p>\n                      \n\n                      \n                      <p class=\"has-text-color\" style=\"color:#368867\"><strong>Radicalement oppos\u00e9e \u00e0 la virtuosit\u00e9 repr\u00e9sentant aux yeux de la bourgeoisie de l\u2019\u00e9poque le \u00ab&nbsp;progr\u00e8s musical&nbsp;\u00bb, la musique de chambre a fait apparaitre un nouvel acquis culturel.<\/strong><\/p>\n                      \n\n                      \n                      <p class=\"has-text-color\" style=\"color:#368867\"><strong>En France, elle se d\u00e9veloppe activement entre 1870 et 1914 au travers de l\u2019\u00e9volution du Conservatoire National Sup\u00e9rieur de Paris, dirig\u00e9 successivement par C. Franck et G. Faure. A cela s\u2019ajoute l\u2019\u00e9volution de la facture instrumentale ( les vents en particulier ), la d\u00e9couverte de la musique allemande et la multiplication des possibilit\u00e9s de concerts.<\/strong><\/p>\n                      \n\n                      \n                      <p class=\"has-text-color\" style=\"color:#368867\"><strong>La recherche de l\u2019interpr\u00e8te \u00e0 ce jour, permet par de nouvelles sources de favoriser la notion de respect de l\u2019interpr\u00e9tation face aux intentions du compositeur.<\/strong><\/p>\n                      \n\n                      \n                      <p class=\"has-text-color\" style=\"color:#368867\"><strong>Cette notion de respect est importante dans la pratique de cet art ; respect vis \u00e0 vis du texte musical mais aussi face aux collaborateurs-intepr\u00e8tes qui comme dans le sport d\u2019\u00e9quipe (fair play) doit permettre un dialogue bas\u00e9 sur la courtoisie amenant vers la voie royale de l\u2019interpr\u00e9tation . Jouer ensemble, c\u2019est cultiver \u00ab&nbsp;l\u2019Art de la conversation&nbsp;\u00bb<\/strong><\/p>\n                      \n\n                      \n                      <p class=\"has-text-color\" style=\"color:#368867\"><strong>&nbsp;il suffit d\u2019\u00e9couter les quatuors de J. Haydn pour s\u2019en convaincre.<\/strong><\/p>\n                      \n\n                      \n                      <p class=\"has-text-color\" style=\"color:#368867\"><em><strong>&#8220;La forme la plus pure de la musique instrumentale, la forme initiale, la source d&#8217;Hippocr\u00e8ne&#8221; <\/strong><\/em><strong>d\u00e9clarait Gabriel Faur\u00e9 a qui la musique de chambre fran\u00e7aise doit tant.&nbsp;<\/strong><\/p>\n                      \n\n                      \n                      <p class=\"has-text-color\" style=\"color:#368867\"><strong>Son r\u00e9pertoire est immense s&#8217;\u00e9tant impos\u00e9&nbsp;au cours des si\u00e8cles comme la quintessence de l&#8217;\u00e9criture musicale.<\/strong><\/p>\n                      \n\n                      \n                      <p class=\"has-text-color\" style=\"color:#368867\"><strong>Les Solistes de l&#8217;EIPV&nbsp; aiment se plonger avec passion dans ce livre ouvert afin de le partager avec bonheur.<\/strong><\/p>\n                      \n\n                      \n                      <p class=\"has-text-color\" style=\"color:#368867\"><strong>Le r\u00e9pertoire de notre collectif \u00e0 g\u00e9om\u00e9trie&nbsp;variable s&#8217;adapte aux souhaits de chacun pour construire des programmations passionnantes&nbsp;pour tous, allant des grands compositeurs &#8220;baroques&#8221; &#8230;Vivaldi &#8211; Bach &#8211; Haydn..\u00e9voluant vers la p\u00e9riode dite &#8220;classique&#8221; ..Mozart, .Beethoven, et leurs contemporains pour&nbsp;glisser vers les merveilleux romantiques tels que Schubert, Brahms, Schumann,Mendelssohn, Dvorak, Faur\u00e9, Saint-Sa\u00ebns, Bizet &nbsp;et autres.<\/strong><\/p>\n                      \n\n                      \n                      <p class=\"has-text-color\" style=\"color:#368867\"><strong>La musique de chambre fran\u00e7aise de la fin du 19\u00e8me si\u00e8cle et du 20 \u00e8me&nbsp;si\u00e8cle , riche de p\u00e9pites, occupe \u00e9videmment avec les illustres Debussy, Ravel, Caplet , une place importante&nbsp;dans nos programmations. Prennent place \u00e0 leur c\u00f4t\u00e9 des illustres compositeurs ayant \u00e9crits pour petites formations;&nbsp;Stravinsky, Prokofiev,Chostakovitch, &nbsp;Piazzolla etc&#8230; &nbsp;.<\/strong><\/p>\n                      \n\n                      \n                      <p class=\"has-text-color\" style=\"color:#368867\"><strong>La riche p\u00e9riode contemporaine recouvrant le 20\u00e8me et 21 \u00e8me si\u00e8cles, offre \u00e0 notre Ensemble un large choix d&#8217;oeuvres, reflet musical de&nbsp;notre soci\u00e9t\u00e9.<\/strong> <\/p>\n                      \n\n                      \n                      <p class=\"has-text-color\" style=\"color:#368867\">B.M.<\/p>\n                      \n\n                      \n                      <p><\/p>\n                      \n                    <\/div><\/div>\n                    \n                  <\/div>\n                <\/div>\n              <\/div>\n            <\/div>\n          <\/div>\n        <\/div>\n      <\/div>\n    <\/div>\n  <\/div>\n<\/div>","protected":false},"excerpt":{"rendered":"<p>L\u2019ensemble instrumental Provence Verdon compos\u00e9 de solistes de la r\u00e9gion Sud, axe sa [&hellip;]<\/p>\n","protected":false},"author":1,"featured_media":0,"parent":0,"menu_order":0,"comment_status":"closed","ping_status":"closed","template":"page-templates\/full-width-page.php","meta":{"footnotes":""},"class_list":["post-190","page","type-page","status-publish","hentry"],"_links":{"self":[{"href":"https:\/\/ensembleinstrumentalpv.com\/index.php\/wp-json\/wp\/v2\/pages\/190","targetHints":{"allow":["GET"]}}],"collection":[{"href":"https:\/\/ensembleinstrumentalpv.com\/index.php\/wp-json\/wp\/v2\/pages"}],"about":[{"href":"https:\/\/ensembleinstrumentalpv.com\/index.php\/wp-json\/wp\/v2\/types\/page"}],"author":[{"embeddable":true,"href":"https:\/\/ensembleinstrumentalpv.com\/index.php\/wp-json\/wp\/v2\/users\/1"}],"replies":[{"embeddable":true,"href":"https:\/\/ensembleinstrumentalpv.com\/index.php\/wp-json\/wp\/v2\/comments?post=190"}],"version-history":[{"count":10,"href":"https:\/\/ensembleinstrumentalpv.com\/index.php\/wp-json\/wp\/v2\/pages\/190\/revisions"}],"predecessor-version":[{"id":907,"href":"https:\/\/ensembleinstrumentalpv.com\/index.php\/wp-json\/wp\/v2\/pages\/190\/revisions\/907"}],"wp:attachment":[{"href":"https:\/\/ensembleinstrumentalpv.com\/index.php\/wp-json\/wp\/v2\/media?parent=190"}],"curies":[{"name":"wp","href":"https:\/\/api.w.org\/{rel}","templated":true}]}}