{"id":121,"date":"2023-07-31T06:44:26","date_gmt":"2023-07-31T04:44:26","guid":{"rendered":"http:\/\/ensembleinstrumentalpv.com\/?page_id=121"},"modified":"2026-03-10T07:24:43","modified_gmt":"2026-03-10T06:24:43","slug":"lassociation","status":"publish","type":"page","link":"https:\/\/ensembleinstrumentalpv.com\/index.php\/lassociation\/","title":{"rendered":"L&#8217;Association"},"content":{"rendered":"\n<p><\/p>\n\n\n\n<h2 class=\"wp-block-heading has-vivid-purple-color has-text-color\" style=\"font-size:31px\">ENSEMBLE INSTRUMENTAL PROVENCE VERDON <\/h2>\n\n\n\n<p class=\"has-text-color has-link-color wp-elements-a4e96895b2f5304bdafb38b030e28583\" style=\"color:#337d5ffc;font-size:22px\">Pr\u00e9sident : Jean-Luc Croizier<\/p>\n\n\n\n<p class=\"has-text-color has-link-color wp-elements-b58216e1010e8c2158be9345e185f9cd\" style=\"color:#337d5ffc;font-size:22px\">Direction Artistique : Olivier Lechardeur<\/p>\n\n\n\n<p class=\"has-text-color has-link-color has-large-font-size wp-elements-3e71937ca31b69d3d7f3c6030828fbc7\" style=\"color:#9b51e0\"><strong>EIPV : L\u2019<\/strong><strong>a<\/strong><strong>rt du <\/strong><strong>p<\/strong><strong>artage et de l\u2019<\/strong><strong>e<\/strong><strong>xcellence<\/strong><strong><\/strong><\/p>\n\n\n\n<p class=\"has-text-color has-link-color has-medium-font-size wp-elements-5c4702a21872f40e563898bb1722da00\" style=\"color:#337d5ffc\"><strong>Un <\/strong><strong>c<\/strong><strong>ollectif au <\/strong><strong>c<\/strong><strong>\u0153ur de son <\/strong><strong>t<\/strong><strong>erritoire<\/strong><strong><\/strong><\/p>\n\n\n\n<p>L\u2019Ensemble instrumental de Provence Verdon se d\u00e9finit avant tout comme un collectif de musiciens passionn\u00e9s, d\u00e9vou\u00e9s au service de la musique et de son public. Depuis 2016, l\u2019ensemble s\u2019est profond\u00e9ment ancr\u00e9 dans la vie sociale de son territoire, tout en s&#8217;affirmant comme un ambassadeur culturel actif, portant les couleurs de la Provence bien au-del\u00e0 de ses fronti\u00e8res r\u00e9gionales et lors de tourn\u00e9es internationales remarqu\u00e9es, notamment en Chine.<\/p>\n\n\n\n<p class=\"has-text-color has-link-color has-medium-font-size wp-elements-a17b534699cb60c8cbb2ad7855b18db3\" style=\"color:#337d5ffc\"><strong>La <\/strong><strong>t<\/strong><strong>ransmission comme <\/strong><strong>f<\/strong><strong>il <\/strong><strong>c<\/strong><strong>onducteur<\/strong><strong><\/strong><\/p>\n\n\n\n<p>Compos\u00e9 de solistes de renom, tous professeurs au sein des conservatoires nationaux de la r\u00e9gion, l\u2019EIPV place la transmission au centre de sa mission. Cette volont\u00e9 de partager un savoir et une \u00e9motion cr\u00e9e un lien d\u2019une absolue n\u00e9cessit\u00e9 dans notre soci\u00e9t\u00e9 actuelle. Le collectif r\u00e9unit plusieurs g\u00e9n\u00e9rations d\u2019artistes anim\u00e9s par un plaisir toujours renouvel\u00e9 de jouer ensemble. C&#8217;est \u00e0 travers cet \u00ab art de la conversation musicale \u00bb que chaque musicien enrichit l&#8217;autre de son propre cheminement, offrant au public une interpr\u00e9tation vibrante et habit\u00e9e.<\/p>\n\n\n\n<p class=\"has-text-color has-link-color has-medium-font-size wp-elements-5d418a30a1011ccacc62da0b7a8a1f05\" style=\"color:#337d5ffc\"><strong>Le <\/strong><strong>f<\/strong><strong>estival <\/strong><strong><em>l\u2019<\/em><\/strong><strong><em>Automne Musical<\/em><\/strong><strong>\u00a0 : <\/strong><strong>u<\/strong><strong>n <\/strong><strong>s<\/strong><strong>ucc\u00e8s <\/strong><strong>r<\/strong><strong>ayonnant<\/strong><\/p>\n\n\n\n<p>Port\u00e9 par l\u2019EIPV sur la ville de Gr\u00e9oux-les-Bains et la communaut\u00e9 de communes DLVA, le festival \u00ab Automne Musical \u00bb est devenu un rendez-vous d\u2019exception. En partenariat \u00e9troit avec l\u2019Office de Tourisme et des Congr\u00e8s du Pays de Manosque, cet \u00e9v\u00e9nement a su attirer les plus grands noms de la sc\u00e8ne internationale pour des concerts m\u00e9morables et des classes d\u2019interpr\u00e9tation de haut niveau destin\u00e9es aux futurs talents.<\/p>\n\n\n\n<p>Le succ\u00e8s incontestable de cette aventure, qui c\u00e9l\u00e9brera sa <strong>11\u00e8me \u00e9dition en 2026<\/strong>, t\u00e9moigne d\u2019une maturit\u00e9 artistique exemplaire et encourage musiciens, partenaires et auditeurs \u00e0 explorer de nouveaux horizons.<\/p>\n\n\n\n<p class=\"has-text-color has-link-color has-medium-font-size wp-elements-31a1bd428ba36c751a4db18f525f5967\" style=\"color:#337d5ffc\"><strong>Une <\/strong><strong>h<\/strong><strong>armonie entre <\/strong><strong>n<\/strong><strong>ature et <\/strong><strong>c<\/strong><strong>ulture<\/strong><strong><\/strong><\/p>\n\n\n\n<p>Dans cette r\u00e9gion o\u00f9 la beaut\u00e9 des paysages rencontre la richesse des arts, la musique vivante offre un ressourcement indispensable. Pour les r\u00e9sidents comme pour les visiteurs de passage, l\u2019EIPV tisse ce fil invisible qui lie culture et \u00e9panouissement personnel, faisant de chaque concert une exp\u00e9rience humaine unique.<\/p>\n\n\n\n<p class=\"has-text-color has-link-color has-medium-font-size wp-elements-5af72b54d477095e36f5d176e2e44aca\" style=\"color:#9b51e0\"><strong>En 2026, l\u2019Automne Musical <\/strong><strong>poursuit son chemin <\/strong><strong>avec l&#8217;accueil de l\u2019immense violoniste Patrice Fontanarosa, confirmant ainsi la place pr\u00e9pond\u00e9rante du festival dans le paysage culturel fran\u00e7ais.<\/strong><\/p>\n\n\n\n<p><em>La Ville de Greoux-Les-Bains, L<\/em>\u2019<em>Office de Tourisme et des Congr<\/em><em>\u00e8<\/em><em>s du Pays de Manosque, la D.L.V.A, Le Conseil G\u00e9<\/em><em>n<\/em><em>\u00e9<\/em><em>ral 04, la D.R.A.C Provence C<\/em><em>\u00f4te d<\/em>\u2019<em>Azur, CQFD Expertise .<\/em><\/p>\n\n\n\n<p><\/p>\n\n\n<div class=\"wp-block-image\">\n<figure class=\"aligncenter size-large is-resized\"><img loading=\"lazy\" decoding=\"async\" width=\"1024\" height=\"522\" src=\"http:\/\/ensembleinstrumentalpv.com\/wp-content\/uploads\/2025\/02\/logo-eipv-1024x522.png\" alt=\"\" class=\"wp-image-921\" style=\"width:441px;height:auto\" srcset=\"https:\/\/ensembleinstrumentalpv.com\/wp-content\/uploads\/2025\/02\/logo-eipv-1024x522.png 1024w, https:\/\/ensembleinstrumentalpv.com\/wp-content\/uploads\/2025\/02\/logo-eipv-300x153.png 300w, https:\/\/ensembleinstrumentalpv.com\/wp-content\/uploads\/2025\/02\/logo-eipv-768x392.png 768w, https:\/\/ensembleinstrumentalpv.com\/wp-content\/uploads\/2025\/02\/logo-eipv-1536x783.png 1536w, https:\/\/ensembleinstrumentalpv.com\/wp-content\/uploads\/2025\/02\/logo-eipv-2048x1045.png 2048w\" sizes=\"auto, (max-width: 1024px) 100vw, 1024px\" \/><\/figure>\n<\/div>\n\n\n<p><\/p>\n\n\n\n<div class=\"wp-block-group has-vivid-purple-color has-text-color\" style=\"font-size:18px\"><div class=\"wp-block-group__inner-container is-layout-constrained wp-block-group-is-layout-constrained\">\n<p class=\"has-text-align-center\"><\/p>\n\n\n\n<p><\/p>\n<\/div><\/div>\n\n\n\n<p class=\"has-text-align-center has-text-color has-link-color has-large-font-size wp-elements-1eab7e6c983c20e00c44422fd15946ae\" style=\"color:#0c680e\">Le Conseil d&#8217;administration<\/p>\n\n\n\n<p><\/p>\n\n\n\n<p><strong>Pr\u00e9sidents d\u2019Honneur : R\u00e9gis Pasquier \u2013 Pierre Vasarely \u2013 Robert FRAN\u00c7ON<\/strong><\/p>\n\n\n\n<p><strong>Pr\u00e9sident : Jean-Luc CROIZIER<\/strong><\/p>\n\n\n\n<p><strong>Secr\u00e9taire : Jocelyne CROIZIER<\/strong><\/p>\n\n\n\n<p><strong>Secr\u00e9taire adjointe : Sophie LECHARDEUR<\/strong><\/p>\n\n\n\n<p><strong>Tr\u00e9sorier : Nicolas FLOR\u00c8S<\/strong><\/p>\n\n\n\n<p><strong>Tr\u00e9sori\u00e8re adjointe : Cl\u00e9mence FLOR\u00c8S<\/strong><\/p>\n\n\n\n<p><strong>Directeurs artistiques : Olivier LECHARDEUR <\/strong><\/p>\n\n\n\n<p><strong>Webmaster : Claude TEBOUL<\/strong><\/p>\n\n\n\n<p><strong>Michel CAMATTE<\/strong><\/p>\n\n\n\n<p><strong>Marie-Fran\u00e7oise TEBOUL<\/strong><\/p>\n\n\n\n<p><strong>Daniel PALOYAN<\/strong><\/p>\n\n\n\n<p><strong>Francis LAFORGE.<\/strong><\/p>\n\n\n\n<p><\/p>\n\n\n\n<p><\/p>\n\n\n\n<h2 class=\"wp-block-heading has-vivid-cyan-blue-color has-text-color\" style=\"font-size:18px\">Contact : Hotel de ville, Gr\u00e9oux les Bains. 04800 <\/h2>\n\n\n\n<h2 class=\"wp-block-heading has-vivid-cyan-blue-color has-text-color\" style=\"font-size:18px\">Tel : 06 80 96 08 84 <\/h2>\n\n\n\n<h2 class=\"wp-block-heading has-vivid-cyan-blue-color has-text-color\" style=\"font-size:18px\">Courriel : ensembledpv@gmail.com <\/h2>\n\n\n\n<h2 class=\"wp-block-heading has-vivid-cyan-blue-color has-text-color\" style=\"font-size:18px\">SIRET : 8284447940001<\/h2>\n\n\n\n<p><\/p>\n\n\n\n<p class=\"has-vivid-purple-color has-text-color has-medium-font-size\"><\/p>\n\n\n\n<p class=\"has-medium-font-size\"><\/p>\n","protected":false},"excerpt":{"rendered":"<p>ENSEMBLE INSTRUMENTAL PROVENCE VERDON Pr\u00e9sident : Jean-Luc Croizier Direction Artistique : Olivier Lechardeur [&hellip;]<\/p>\n","protected":false},"author":1,"featured_media":0,"parent":0,"menu_order":0,"comment_status":"closed","ping_status":"closed","template":"","meta":{"footnotes":""},"class_list":["post-121","page","type-page","status-publish","hentry"],"_links":{"self":[{"href":"https:\/\/ensembleinstrumentalpv.com\/index.php\/wp-json\/wp\/v2\/pages\/121","targetHints":{"allow":["GET"]}}],"collection":[{"href":"https:\/\/ensembleinstrumentalpv.com\/index.php\/wp-json\/wp\/v2\/pages"}],"about":[{"href":"https:\/\/ensembleinstrumentalpv.com\/index.php\/wp-json\/wp\/v2\/types\/page"}],"author":[{"embeddable":true,"href":"https:\/\/ensembleinstrumentalpv.com\/index.php\/wp-json\/wp\/v2\/users\/1"}],"replies":[{"embeddable":true,"href":"https:\/\/ensembleinstrumentalpv.com\/index.php\/wp-json\/wp\/v2\/comments?post=121"}],"version-history":[{"count":22,"href":"https:\/\/ensembleinstrumentalpv.com\/index.php\/wp-json\/wp\/v2\/pages\/121\/revisions"}],"predecessor-version":[{"id":1285,"href":"https:\/\/ensembleinstrumentalpv.com\/index.php\/wp-json\/wp\/v2\/pages\/121\/revisions\/1285"}],"wp:attachment":[{"href":"https:\/\/ensembleinstrumentalpv.com\/index.php\/wp-json\/wp\/v2\/media?parent=121"}],"curies":[{"name":"wp","href":"https:\/\/api.w.org\/{rel}","templated":true}]}}